is divided by 9.
6
What is the remainder when 61 is divided by 60?
1
Calculate the remainder when 83 is divided by 52.
31
What is the remainder when 1399 is divided by 14?
13
Calculate the remainder when 24927 is divided by 30.
27
Calculate the remainder when 719 is divided by 24.
23
What is the remainder when 431 is divided by 21?
11
What is the remainder when 2846 is divided by 947?
5
What is the remainder when 10335 is divided by 76?
75
What is the remainder when 2020 is divided by 338?
330
Calculate the remainder when 555 is divided by 33.
27
What is the remainder when 368 is divided by 10?
8
Calculate the remainder when 4538 is divided by 20.
18
Calculate the remainder when 240 is divided by 36.
24
What is the remainder when 175 is divided by 30?
25
Calculate the remainder when 1943 is divided by 14.
11
What is the remainder when 1077 is divided by 77?
76
Calculate the remainder when 26052 is divided by 45.
42
What is the remainder when 18 is divided by 14?
4
Calculate the remainder when 79 is divided by 16.
15
Calculate the remainder when 3257 is divided by 96.
89
Calculate the remainder when 57 is divided by 35.
22
What is the remainder when 59 is divided by 52?
7
What is the remainder when 45 is divided by 2?
1
What is the remainder when 311 is divided by 280?
31
What is the remainder when 1213 is divided by 135?
133
What is the remainder when 87 is divided by 26?
9
Calculate the remainder when 38 is divided by 28.
10
Calculate the remainder when 135 is divided by 112.
23
Calculate the remainder when 1596 is divided by 225.
21
What is the remainder when 3198 is divided by 73?
59
Calculate the remainder when 118 is divided by 19.
4
Calculate the remainder when 209 is divided by 31.
23
What is the remainder when 259 is divided by 44?
39
What is the remainder when 131 is divided by 59?
13
What is the remainder when 32 is divided by 20?
12
What is the remainder when 4483 is divided by 2240?
3
Calculate the remainder when 6071 is divided by 15.
11
What is the remainder when 6977 is divided by 184?
169
Calculate the remainder when 76 is divided by 46.
30
Calculate the remainder when 1943 is divided by 18.
17
Calculate the remainder when 94 is divided by 39.
16
Calculate the remainder when 2678 is divided by 67.
65
Calculate the remainder when 10122 is divided by 191.
190
Calculate the remainder when 213 is divided by 12.
9
What is the remainder when 2258 is divided by 142?
128
What is the remainder when 889 is divided by 179?
173
What is the remainder when 528 is divided by 57?
15
What is the remainder when 207 is divided by 71?
65
Calculate the remainder when 636 is divided by 22.
20
What is the remainder when 676 is divided by 62?
56
What is the remainder when 181 is divided by 33?
16
Calculate the remainder when 921 is divided by 221.
37
What is the remainder when 214 is divided by 27?
25
Calculate the remainder when 852 is divided by 71.
0
What is the remainder when 136 is divided by 77?
59
Calculate the remainder when 470 is divided by 187.
96
What is the remainder when 359 is divided by 90?
89
Calculate the remainder when 180 is divided by 96.
84
Calculate the remainder when 4845 is divided by 2421.
3
What is the remainder when 6180 is divided by 22?
20
What is the remainder when 845 is divided by 211?
1
What is the remainder when 120 is divided by 16?
8
What is the remainder when 3276 is divided by 41?
37
What is the remainder when 5129 is divided by 1281?
5
Calculate the remainder when 105 is divided by 36.
33
Calculate the remainder when 887 is divided by 74.
73
What is the remainder when 1907 is divided by 53?
52
What is the remainder when 596 is divided by 212?
172
Calculate the remainder when 287 is divided by 29.
26
What is the remainder when 38 is divided by 15?
8
What is the remainder when 95 is divided by 33?
29
What is the remainder when 93 is divided by 73?
20
Calculate the remainder when 296 is divided by 10.
6
Calculate the remainder when 841 is divided by 141.
136
Calculate the remainder when 73 is divided by 69.
4
What is the remainder when 19 is divided by 8?
3
Calculate the remainder when 866 is divided by 62.
60
Calculate the remainder when 184 is divided by 27.
22
What is the remainder when 359 is divided by 76?
55
What is the remainder when 748 is divided by 31?
4
Calculate the remainder when 4724 is divided by 148.
136
Calculate the remainder when 933 is divided by 39.
36
Calculate the remainder when 80 is divided by 56.
24
Calculate the remainder when 2988 is divided by 299.
297
What is the remainder when 31 is divided by 9?
4
What is the remainder when 107 is divided by 12?
11
Calculate the remainder when 265 is divided by 71.
52
Calculate the remainder when 327 is divided by 30.
27
What is the remainder when 16216 is divided by 19?
9
What is the remainder when 2886 is divided by 5?
1
What is the remainder when 428 is divided by 127?
47
What is the remainder when 38708 is divided by 70?
68
Calculate the remainder when 11521 is divided by 172.
169
Calculate the remainder when 342 is divided by 88.
78
Calculate the remainder when 18496 is divided by 125.
121
What is the remainder when 172 is divided by 58?
56
Calculate the remainder when 2469 is divided by 79.
20
What is the remainder when 832 is divided by 407?
18
Calculate the remainder when 401 is divided by 45.
41
What is the remainder when 33486 is divided by 46?
44
What is the remainder when 457 is divided by 199?
59
Calculate the remainder when 604 is divided by 246.
112
What is the remainder when 260 is divided by 67?
59
What is the remainder when 239 is divided by 39?
5
Calculate the remainder when 505 is divided by 76.
49
What is the remainder when 26658 is divided by 10?
8
Calculate the remainder when 1618 is divided by 54.
52
What is the remainder when 94 is divided by 30?
4
Calculate the remainder when 309 is divided by 36.
21
What is the remainder when 623 is divided by 70?
63
Calculate the remainder when 358 is divided by 10.
8
Calculate the remainder when 957 is divided by 315.
12
What is the remainder when 1605 is divided by 318?
15
What is the remainder when 15288 is divided by 55?
53
What is the remainder when 528 is divided by 39?
21
What is the remainder when 517 is divided by 510?
7
Calculate the remainder when 10643 is divided by 169.
165
Calculate the remainder when 367 is divided by 46.
45
What is the remainder when 1915 is divided by 96?
91
What is the remainder when 954 is divided by 71?
31
Calculate the remainder when 137 is divided by 14.
11
What is the remainder when 905 is divided by 130?
125
What is the remainder when 357 is divided by 10?
7
Calculate the remainder when 1678 is divided by 35.
33
What is the remainder when 80 is divided by 27?
26
Calculate the remainder when 133 is divided by 34.
31
What is the remainder when 542 is divided by 4?
2
What is the remainder when 112 is divided by 59?
53
Calculate the remainder when 53 is divided by 32.
21
What is the remainder when 118 is divided by 18?
10
What is the remainder when 648 is divided by 159?
12
Calculate the remainder when 5366 is divided by 44.
42
What is the remainder when 1277 is divided by 319?
1
What is the remainder when 1197 is divided by 75?
72
Calculate the remainder when 78 is divided by 16.
14
What is the remainder when 13397 is divided by 58?
57
What is the remainder when 425 is divided by 137?
14
Calculate the remainder when 586 is divided by 148.
142
Calculate the remainder when 140 is divided by 19.
7
What is the remainder when 83 is divided by 22?
17
What is the remainder when 491 is divided by 246?
245
What is the remainder when 343 is divided by 168?
7
What is the remainder when 475 is divided by 24?
19
What is the remainder when 6584 is divided by 140?
4
What is the remainder when 672 is divided by 5?
2
Calculate the remainder when 141 is divided by 116.
25
What is the remainder when 2784 is divided by 14?
12
What is the remainder when 318 is divided by 20?
18
What is the remainder when 2459 is divided by 244?
19
Calculate the remainder when 441 is divided by 18.
9
Calculate the remainder when 419 is divided by 147.
125
What is the remainder when 194 is divided by 194?
0
Calculate the remainder when 871 is divided by 855.
16
Calculate the remainder w